2650
8c3 (base 14) to base 16
6cb
Convert -567 (base 8) to base 14.
-1cb
-45 (base 6) to base 2
-11101
Convert 1bad (base 16) to base 14.
2821
What is 8910 (base 13) in base 15?
59e0
-3b8 (base 15) to base 11
-701
What is 110110001011 (base 2) in base 4?
312023
427b (base 16) to base 9
25310
Convert -365 (base 16) to base 7.
-2351
-4202 (base 5) to base 10
-552
-30012 (base 7) to base 16
-1c2c
What is 10112 (base 3) in base 10?
95
What is 8658 (base 9) in base 8?
14343
What is -51 (base 8) in base 15?
-2b
16345 (base 8) to base 4
1303211
What is -25152 (base 6) in base 13?
-1919
bc89 (base 13) to base 9
40071
What is -233343 (base 5) in base 2?
-10000110010110
What is -75a8 (base 13) in base 16?
-3fea
Convert -146a (base 11) to base 4.
-131203
What is 2104 (base 5) in base 10?
279
What is 10110000011100001 (base 2) in base 9?
146824
What is 100001101001 (base 2) in base 6?
13545
What is -74 (base 9) in base 4?
-1003
What is 20115 (base 7) in base 8?
11377
What is 11011 (base 3) in base 13?
88
What is b793 (base 14) in base 2?
111101111000101
-15256 (base 9) to base 3
-112021220
What is 1999 (base 10) in base 5?
30444
-113231 (base 4) to base 7
-4265
What is 3101 (base 6) in base 14?
36d
Convert -44 (base 7) to base 3.
-1012
Convert -1311040 (base 5) to base 11.
-183a8
What is -21223 (base 4) in base 13?
-388
What is -113321 (base 4) in base 16?
-5f9
Convert d235 (base 15) to base 6.
541235
What is 11101020 (base 3) in base 10?
3192
-1318 (base 9) to base 15
-45e
What is 1302502 (base 6) in base 16?
113c6
What is 250541 (base 6) in base 2?
101011011011101
-764 (base 8) to base 2
-111110100
Convert -1112013 (base 4) to base 2.
-1010110000111
Convert -121221 (base 4) to base 7.
-4533
What is -638 (base 13) in base 12?
-745
Convert aa3 (base 15) to base 8.
4543
Convert -5b84 (base 14) to base 8.
-37170
What is 3267 (base 14) in base 13?
3c75
What is -13120 (base 4) in base 7?
-1243
Convert -215105 (base 6) to base 12.
-a495
What is 1310 (base 11) in base 4?
122221
Convert 62b (base 16) to base 9.
2144
-b37 (base 12) to base 5
-23002
Convert -d5b (base 15) to base 3.
-11010112
What is -767 (base 10) in base 11?
-638
What is 40110 (base 5) in base 10?
2530
What is 100010100001 (base 2) in base 9?
3024
Convert -11b1 (base 13) to base 9.
-3388
What is -11763 (base 8) in base 6?
-35351
What is -5011 (base 9) in base 2?
-111001000111
101001001010 (base 2) to base 9
3546
-135021 (base 6) to base 9
-18444
Convert -10341 (base 5) to base 7.
-2050
693 (base 11) to base 3
1010200
Convert 59 (base 16) to base 4.
1121
Convert -36182 (base 10) to base 13.
-13613
10313 (base 5) to base 8
1304
What is 313251 (base 7) in base 8?
151341
Convert -10020 (base 6) to base 13.
-798
Convert 586 (base 15) to base 12.
883
-111110100111000 (base 2) to base 16
-7d38
Convert -10010010011000101 (base 2) to base 3.
-10210210220
Convert -11221 (base 3) to base 10.
-133
102000121 (base 3) to base 16
1f63
What is a567 (base 13) in base 10?
22900
Convert 243422 (base 5) to base 10.
9237
What is -117a (base 12) in base 9?
-2624
Convert 111000101101 (base 2) to base 9.
4872
Convert -3ad7 (base 16) to base 2.
-11101011010111
Convert -21122 (base 3) to base 6.
-542
4ad9 (base 14) to base 5
410002
What is 3244 (base 5) in base 9?
548
Convert -7004 (base 8) to base 11.
-2772
Convert 187 (base 15) to base 8.
540
Convert 1011100011001101 (base 2) to base 3.
2101220012
What is 31421 (base 7) in base 2?
1111001001101
Convert 122a8 (base 11) to base 8.
42377
32132 (base 5) to base 2
100001110111
-11a9 (base 12) to base 9
-2663
What is 44834 (base 9) in base 13?
10774
22b2 (base 14) to base 9
8246
Convert 10000011100100 (base 2) to base 8.
20344
What is -19da (base 14) in base 4?
-1021130
-1236 (base 12) to base 2
-100000001010
Convert 55115 (base 6) to base 10.
7607
-2063 (base 9) to base 10
-1515
What is a17 (base 12) in base 4?
112303
-1101012200 (base 3) to base 12
-13846
What is -22519 (base 10) in base 2?
-101011111110111
What is -10000000011000 (base 2) in base 7?
-32645
Convert -121242 (base 6) to base 2.
-10100110111010
Convert -59a5 (base 13) to base 5.
-401031
Convert -2022 (base 4) to base 9.
-163
31845 (base 10) to base 15
9680
What is 946 (base 14) in base 7?
5216
-22211211 (base 3) to base 12
-3894
-18a6 (base 13) to base 8
-7145
-2111300 (base 4) to base 12
-5668
-970 (base 14) to base 13
-b03
What is 14315 (base 6) in base 13?
1064
What is 8188 (base 14) in base 2?
101011011111100
Convert bb48 (base 12) to base 16.
50a8
Convert -2578 (base 12) to base 8.
-10254
943 (base 13) to base 3
2011101
What is 175a9 (base 15) in base 11?
51828
Convert 1101321 (base 4) to base 14.
1ca5
-1c85 (base 16) to base 8
-16205
What is 1455 (base 8) in base 16?
32d
What is -1022210 (base 3) in base 7?
-2550
What is -7c7 (base 13) in base 15?
-5eb
Convert 1011011100011110 (base 2) to base 8.
133436
Convert 1012021010 (base 3) to base 9.
35233
-202004 (base 5) to base 13
-2c64
-4240011 (base 5) to base 8
-213130
What is -1739 (base 12) in base 13?
-135c
-5c08 (base 14) to base 11
-11099
2314 (base 6) to base 4
20212
Convert 1014342 (base 5) to base 12.
98bb
What is 2120 (base 15) in base 12?
4079
Convert 11300 (base 7) to base 2.
101101001011
What is -10200010 (base 3) in base 12?
-1670
Convert -9601 (base 11) to base 12.
-742a
1094 (base 11) to base 2
10110011010
Convert -115404 (base 6) to base 14.
-3a7a
What is -374 (base 8) in base 13?
-165
What is 2635 (base 9) in base 16?
7b8
What is -354 (base 10) in base 13?
-213
1807 (base 12) to base 2
101101000111
What is -25428 (base 11) in base 5?
-2131301
What is 1a811 (base 12) in base 4?
21210031
Convert -2314 (base 6) to base 10.
-550
4010 (base 6) to base 16
366
What is 589e (base 16) in base 2?
101100010011110
Convert 110100001 (base 2) to base 11.
34a
Convert -3410 (base 10) to base 3.
-11200022
Convert 102200010 (base 3) to base 13.
3b46
Convert 152a (base 11) to base 3.
2200220
What is 10028 (base 10) in base 6?
114232
What is 66 (base 10) in base 11?
60
2120331 (base 4) to base 15
2d79
Convert -6412 (base 11) to base 4.
-2010203
What is 1896 (base 14) in base 2?
1000101011100
Convert -702 (base 8) to base 12.
-316
Convert -1271 (base 9) to base 13.
-586
-2fb (base 16) to base 11
-634
What is -99cb (base 13) in base 16?
-53d5
Convert 1928 (base 12) to base 13.
1511
11101111010 (base 2) to base 13
b43
b7 (base 14) to base 4
2201
-47c (base 15) to base 13
-603
-b51 (base 13) to base 9
-2568
Convert -1111111011100 (base 2) to base 6.
-101432
Convert 2102122010 (base 3) to base 6.
1005303
52582 (base 9) to base 13
12a76
-4044 (base 8) to base 4
-200210
What is 1402 (base 10) in base 6?
10254
What is -1427b (base 14) in base 10?
-49893
-142434 (base 5) to base 15
-1b99
Convert -c8c (base 13) to base 8.
-4140
What is 14ba (base 14) in base 10?
3692
-1100011212 (base 3) to base 4
-12130013
140342 (base 6) to base 12
76b2
What is 2100001210 (base 3) in base 7?
251016
Convert 1011101101100100 (base 2) to base 5.
3013342
What is -3055 (base 7) in base 16?
-42d
-100110100 (base 2) to base 13
-1a9
What is -10122 (base 4) in base 2?
-100011010
-4178 (base 11) to base 12
-324a
What is 1152532 (base 6) in base 3?
10010102102
What is 95 (base 15) in base 8?
214
Convert 1173 (base 10) to base 16.
495
2a3d (base 14) to base 9
11256
What is -2825 (base 11) in base 13?
-1884
-1036 (base 9) to base 4
-23322
2221021 (base 4) to base 12
6321
42212 (base 5) to base 8
5367
Convert -a120 (base 13) to base 15.
-687a
-145443 (base 7) to base 12
-144a9
-10001101111110 (base 2) to base 15
-2a5b
540 (base 7) to base 15
133
Convert -309a (base 14) to base 2.
-10000010110000
Convert -11100010111011 (base 2) to base 5.
-431043
What is 2457 (base 8) in base 4?
110233
What is -26215 (base 7) in base 13?
-3232
What is -a5a2 (base 12) in base 5?
-1034442
What is 6783 (base 12) in base 15?
3600
What is -923 (base 11) in base 5?
-13424
What is -11b (base 13) in base 5?
-1233
What is 1101021100 (base 3) in base 7?
142134
What is 1780 (base 9) in base 6?
10200
-9414 (base 14) to base 15
-784d
Convert -14442 (base 5) to base 7.
-3431
Convert -2182 (base 10) to base 12.
-131a
What is 27543 (base 8) in base 5?
342011
What is -27e (base 15) in base 10?
-569
121128 (base 9) to base 14
